 - 2*p + 3*p + 53 - 24. Calculate d(-6).
-7
Let y(j) = -6*j + 33. Let r(q) = -q + 5. Let t(o) = -5*r(o) + y(o). What is t(-6)?
14
Let d(a) be the second derivative of -a**7/840 + 7*a**6/360 - 7*a**5/120 + 7*a**4/24 + 3*a**3 + a. Let j(h) be the second derivative of d(h). Give j(6).
1
Suppose 0 = -2*k - 3*m - 21, -4*m = -2*k - 0*m - 14. Let n = k + 4. Let w(i) = -i**3 - 3*i**2 + 6*i - 5. What is w(n)?
15
Let u(q) = -q. Let x be u(3). Let r be (-21)/(-63) - 17/x. Let d(j) = 7*j**3 - 6*j**3 + r*j**2 + 1 + j + j + j. What is d(-2)?
11
Let s = -242 - -246. Let v(c) be the third derivative of -1/12*c**s + 0 + 5*c**2 + 0*c + c**3. Calculate v(5).
-4
Let k be (-16)/(-20)*(-5)/(-2). Let z(l) = 5*l + l**3 + 2*l - 2 - 7*l - l - 5*l**k. Let v be z(5). Let t(p) = -p**2 - 7*p - 6. Give t(v).
-6
Let n(r) be the second derivative of 0 + 2/3*r**3 + 1/12*r**4 + 11*r - 1/10*r**5 - 3/2*r**2. Let f(t) = -t + 8. Let p be f(6). What is n(p)?
-7
Suppose 4*z - 44 = -60. Let w(j) = 7*j - 2. What is w(z)?
-30
Let x(z) = z + 12. Let a(s) = s**2 + 15*s + 35. Let k be a(-11). What is x(k)?
3
Let i(m) = -6*m**3 - 8*m**2 - 4*m - 3. Let o be i(-3). Suppose -95*n + 16 = -o*n. Let s(z) = z**2 + 4*z + 3. Give s(n).
3
Let f(h) be the second derivative of h**3/6 - 5*h**2/2 + 11*h. Let x = 33 - 22. Let n be f(x). Let t(k) = k**3 - 6*k**2 - 2*k + 1. Determine t(n).
-11
Let f(l) = -l**2 + 14*l - 49. Let u(m) = m**3 - m**2 + 2*m - 3. Let i be u(2). Determine f(i).
-4
Let s(l) be the second derivative of l**5/20 - l**4/12 + l**3/6 + 21*l**2/2 - 7*l - 3. Give s(0).
21
Let r(t) be the third derivative of -t**4/24 - t**3/2 - 14*t**2 + 3. Calculate r(9).
-12
Let f(i) be the first derivative of i**3/3 - 15*i**2/2 + i - 227. Calculate f(6).
-53
Let p(a) = -4*a - 49. Let j(q) = -3*q - 34. Let z(g) = -7*j(g) + 5*p(g). What is z(-6)?
-13
Let z(d) = 239*d - d**3 + 9 - 485*d + 14*d**2 + 232*d + 3. Calculate z(13).
-1
Let a(w) be the second derivative of -1/2*w**3 - 5/2*w**2 + 1/3*w**4 + 0 - 2*w + 1/20*w**5. Determine a(-4).
7
Suppose -4*y = -11 - 1. Let f(t) = -6*t + 3 + 9*t - t**y - 4. Determine f(-3).
17
Let i(r) = 4*r**2 + 4*r + 2. Let h(m) = 7*m**2 + 8*m + 3. Let t(x) = 3*h(x) - 5*i(x). Let s = -103 - -97. Give t(s).
11
Let r(m) = 4*m - 43. Let o be r(10). Let c(u) = -u**3 - 3*u**2 + 2. What is c(o)?
2
Suppose -3*r - 4 = -2*r + 3*s, -2*s = 4. Let j(a) = -a + r*a + 15 - 5. Let q be (6/(-4) + 2)/(-1)*(-26 - -26). Determine j(q).
10
Suppose -2*p + 6 = p. Let b(f) = -f**3 - 1931*f + 1931*f - p*f**2. Give b(-2).
0
Let d = 9 + -3. Suppose -3*n = -v - 145, -2*n + 137 = n + v. Let c(t) = -t - 42 + n - t. Calculate c(d).
-7
Let v(w) be the third derivative of -w**6/30 - w**4/24 + 11*w**2 - 2. Let x be (-6)/(-18) + 4/6. Give v(x).
-5
Let n be 0/((-3)/((-3)/2)). Let t = 55 + -53. Let o(h) = -3 + 6 + h**2 - t*h**2 - h. What is o(n)?
3
Let p(t) = 3*t**2 + 6*t + 5. Let q = -1391 - -1386. Give p(q).
50
Let l(b) = 2*b**3 - 2*b + 0*b**3 + 2*b**2 + 0 - 1. Suppose 9 = 3*x + 12. Let w be -1*(x/6 + (-130)/(-60)). Determine l(w).
-5
Let y(m) = -m**2 + 2*m + 1. Let w(a) = -a**2 + 2*a + 2. Let c = 64 - 67. Let r(g) = c*w(g) + 2*y(g). What is r(5)?
11
Let z(c) = -7*c**3 + 4*c**2 + 2*c. Let w(r) = 9*r**3 - 4*r**2 - r - 2. Let k(j) = -3*w(j) - 4*z(j). What is k(5)?
6
Let x(y) = -y**3 - y**2 + y + 12. Let r be (2 + -5)/((-3)/(-2)). Let o be 0/(((-30)/(-20))/((-3)/r)). What is x(o)?
12
Let o be (6 + -1)/(264/(-36) - -7). Let x(r) = 2*r + 21. Give x(o).
-9
Suppose -18*k + 150 = 6. Let v(c) = -2*c + 13. What is v(k)?
-3
Let b(x) be the first derivative of -x**4/4 + 4*x**3/3 + 4*x**2 - 6*x - 2. Suppose 5*p = 2*s + 36, 3*s - 9 = -3*p - 0*p. Suppose -3*d = -p - 9. Calculate b(d).
9
Let f be 2/(-4) - 26/4. Let d be 124/20 - (0 + (-3)/(-15)). Let n(p) = -d + 1 - p + 5. Give n(f).
7
Let p(x) = x**3 - 6*x**2 + 4*x - 3. Let b be (-1 - -5)*-5*1/(-4). Determine p(b).
-8
Let z(f) = -1 + 4*f**3 - 2*f**2 + 2*f - 2*f**3 + 0*f. Let v be 3 - ((-33)/1)/3. Suppose 2*t + 1 = -5*s - 0, 2*s - 4*t = v. Calculate z(s).
1
Let l(r) = -r**2 + 4*r + 3. Let i = 7 + -7. Suppose i = -w + 3 + 1. Determine l(w).
3
Let k(z) = -z**3 - 2*z**2 + 4*z + 6. Let m(p) = -3*p + 4. Let s be m(0). Suppose 12*j = 13*j + s. Determine k(j).
22
Let t(w) = -3*w**3 + 47*w**2 - 47*w + 9. Let n(s) = s**3 - 16*s**2 + 16*s - 3. Let v be 1 - -3 - 4/(-2). Let x(i) = v*t(i) + 17*n(i). Calculate x(9).
-6
Suppose -3*o = 0, -12 - 15 = -3*b + 2*o. Let q be (-3)/(-9) + 15/b. Let p(l) = 4*l - 2*l - q*l - l + 4. What is p(5)?
-1
Let m(t) = 13*t**2 - 29*t + 9. Let g(p) = 8*p**2 - 19*p + 6. Let l(a) = 8*g(a) - 5*m(a). What is l(-9)?
-15
Let m(h) = -43*h**2 - 6 + 12*h**2 - h + 16*h**2 + 16*h**2. Give m(-4).
14
Let b(j) = -81*j - 213. Let k(t) = -50*t - 142. Let v(y) = 5*b(y) - 8*k(y). Determine v(15).
-4
Let j(k) = -k**2 - 7*k - 2. Let o(d) = 2*d - 17. Let q = -36 - -42. Let h be o(q). What is j(h)?
8
Let n = -14 - -23. Suppose 7*h - h - 12 = 0. Let q(x) = 0 - h - 3*x + 4*x - n. What is q(6)?
-5
Suppose 3*a = 4*f + 3, 0*a + 3*a = -9. Let p be (-2)/((-6)/(-27)) + 5. Let y(b) = 8*b - 1. Let i(c) = -23*c + 3. Let g(m) = p*i(m) - 11*y(m). What is g(f)?
-13
Let y(r) = r**2 + 12*r + 30. Let m = -852 - -849. Give y(m).
3
Let j(i) = -6*i**2 - 2*i - 5. Let a(m) = 5*m**2 + 2*m + 4. Let u(h) = -5*a(h) - 4*j(h). Let v(l) = 8*l - 186. Let y be v(23). What is u(y)?
0
Let y be 3/(-6)*2 - 15. Let s = y - -22. Let u(f) = -f**3 + 7*f**2 - 7*f. Let g be u(s). Let t(o) = o**2 + 8*o + 8. Calculate t(g).
-4
Let v(w) = -5*w + 87. Let m be v(17). Let d(g) = -18*g**2 - 16*g**m + 3*g**2 + 15*g**2. Suppose 0 = 3*h - 4*x - 5, 2*h = 3*x + 2*x + 8. Determine d(h).
-16
Let z = 1872 + -1872. Let m(b) = b**3 - 2*b**2 + b. Give m(z).
0
Let y = 26 - 24. Suppose i - 8 = 3*f, -i = y*f + 4 - 2. Let t(d) = -d**2 + 2*d. Determine t(i).
0
Let t(g) = 16*g**2 - 5*g - 27. Let j(y) = 19*y**2 - 6*y - 26. Let f(q) = -5*j(q) + 6*t(q). Calculate f(5).
-7
Suppose -2*d - 2*d = -4, 2*i + 2*d = 10. Suppose 70 + 15 = 17*m. Let t(g) = -i + 6*g + 7 - 5 + m. Calculate t(-2).
-9
Let w(f) = -f**3 - 4*f**2 + 4*f - 1. Suppose 7*g - 119 = -0*g. Let d be (g + -2)*(0 - 1/3). Determine w(d).
4
Let i(z) = -z**3 - 7*z**2 + 19*z + 5. Let n be 144/(-64)*(13 + -9). Give i(n).
-4
Let s(b) = b**2 - 11*b - 26. Let i(p) = -2*p**2 + 25*p + 52. Let v(c) = 3*i(c) + 5*s(c). Give v(21).
5
Let m = -18 - -26. Let r(f) = 3 - m + 6 - 2*f + 0*f. Let t = 55 - 59. Determine r(t).
9
Let f(z) = 7*z**3 - 8*z - 5. Let w(x) = 8*x**3 - 9*x - 6. Let i(h) = 7*f(h) - 6*w(h). Let q = 4 - 0. Suppose -m - m = q. Determine i(m).
-3
Let d(c) = 0 - 4*c + 7 - 5. Let z(p) = -23*p + 12. Let f(i) = 34*d(i) - 6*z(i). Give f(4).
4
Let v(t) = 2*t**2 + t + 1. Suppose 0 = -a + 5*i - 1, 0 = 3*a - 2*i + 11 - 21. Determine v(a).
37
Let a be ((-2)/(-6))/((-3)/(-27)). Let h = 27 - 23. Let n(u) = -u**a + 6*u + u**2 - 4*u**3 - 6*u**2 + h*u**3. What is n(-6)?
0
Let u(h) = -h**2 + 9*h. Let s be -7*(8 - 7 - 2). What is u(s)?
14
Suppose -2*d - 355 = 3*d. Let m = d - -74. Let a(i) = 2*i**2 - 4*i + 2. Determine a(m).
8
Let u(r) = -r - 4. Suppose -4 = -4*a + 16. Let k(n) = -a*n + n + n + 6. Let q be k(3). Determine u(q).
-1
Let x(n) = -n**3 + 6 - 20 + 7*n**2 + 0*n**3 + 11 - 4*n. Determine x(5).
27
Let f(a) = -3*a**2 - 10*a + 11. Let j(s) = 11*s**2 + 29*s - 31. Let c(h) = -7*f(h) - 2*j(h). Give c(11).
-4
Let b = 117 + -234. Let l = b + 113. Let m(x) = x - 5. What is m(l)?
-9
Let y(z) = -3*z**2 - 6*z - 1. Let g be y(-2). Let k(r) = r. Let j(a) = -a**2 - a + 1. Let s(h) = g*j(h) - 3*k(h). Determine s(2).
-1
Let c = 107 + -116. Let r(q) = -q**2 - 9*q + 6. Calculate r(c).
6
Let w(g) = -9*g**3 + 27*g**2 + 3*g - 11. Let f(p) = 5*p**3 - 14*p**2 - p + 6. Let y(a) = -11*f(a) - 6*w(a). Give y(-5).
-40
Suppose 18*k - 6*k = -96. Let s(t) = t**3 + 8*t**2 - 2*t - 11. Determine s(k).
5
Let n(r) = -1 + 0*r**3 + r**3 - 3*r**2 - 2 + 4*r. Let v be ((0 + -13)*1)/1. Let a = v + 16. What is n(a)?
9
Let k be (-4)/(7/((-21)/6)). Suppose 0 = 5*u - 32 + k. Let r(b) = -5 + 2 - 1 + 2*b. Give r(u).
8
Let b(y) = 7*y - 4. Let g be b(3). Let q = 14 - g. Let m(w) = 0 + 2*w - 3 + w**2 + 5. Determine m(q).
5
Let f(k) = 2 - 42*k**2 - k**3 + 42*k**2. Let z be f(0). Let a(y) = y - 1 + 2 + z. What is a(0)?
3
Let i(w) = 26 + 3*w + 19 - w**2 + 4*